{"id":214,"date":"2017-12-07T00:01:33","date_gmt":"2017-12-07T00:01:33","guid":{"rendered":"http:\/\/mi-pagina.mx\/?page_id=214"},"modified":"2025-07-07T13:17:08","modified_gmt":"2025-07-07T19:17:08","slug":"quienes-somos","status":"publish","type":"page","link":"https:\/\/mi-pagina.mx\/guadalajara\/quienes-somos\/","title":{"rendered":"Qui\u00e9nes somos"},"content":{"rendered":"<p>[et_pb_section fb_built=\u00bb1&#8243; disabled_on=\u00bbon|on|\u00bb module_class=\u00bbcolumnamarketing\u00bb _builder_version=\u00bb4.16&#8243; background_image=\u00bbhttps:\/\/mi-pagina.mx\/wp-content\/uploads\/2017\/12\/pexels-photo-434337.jpeg\u00bb background_position=\u00bbcenter_left\u00bb global_colors_info=\u00bb{}\u00bb][et_pb_row _builder_version=\u00bb4.16&#8243; global_colors_info=\u00bb{}\u00bb][et_pb_column type=\u00bb4_4&#8243; _builder_version=\u00bb4.16&#8243; custom_padding=\u00bb|||\u00bb global_colors_info=\u00bb{}\u00bb custom_padding__hover=\u00bb|||\u00bb][et_pb_divider show_divider=\u00bboff\u00bb disabled_on=\u00bbon|on|off\u00bb _builder_version=\u00bb4.16&#8243; height=\u00bb50px\u00bb global_colors_info=\u00bb{}\u00bb][\/et_pb_divider][\/et_pb_column][\/et_pb_row][et_pb_row _builder_version=\u00bb4.16&#8243; global_colors_info=\u00bb{}\u00bb][et_pb_column type=\u00bb4_4&#8243; _builder_version=\u00bb4.16&#8243; custom_padding=\u00bb|||\u00bb global_colors_info=\u00bb{}\u00bb custom_padding__hover=\u00bb|||\u00bb][et_pb_text _builder_version=\u00bb4.16&#8243; header_font=\u00bb|700|||||||\u00bb header_text_align=\u00bbjustify\u00bb global_colors_info=\u00bb{}\u00bb]<\/p>\n<h1 style=\"text-align: center;\">Somos tu aliado en el<br \/>\n<strong><span style=\"color: #5cc6d0;\">DESARROLLO DE TU EMPRESA<\/span><\/strong><\/h1>\n<p>[\/et_pb_text][\/et_pb_column][\/et_pb_row][et_pb_row _builder_version=\u00bb4.16&#8243; background_size=\u00bbinitial\u00bb background_position=\u00bbtop_left\u00bb background_repeat=\u00bbrepeat\u00bb global_colors_info=\u00bb{}\u00bb column_structure=\u00bb1_4,1_2,1_4&#8243;][et_pb_column type=\u00bb1_4&#8243; _builder_version=\u00bb4.16&#8243; custom_padding=\u00bb|||\u00bb global_colors_info=\u00bb{}\u00bb custom_padding__hover=\u00bb|||\u00bb][\/et_pb_column][et_pb_column type=\u00bb1_2&#8243; _builder_version=\u00bb4.16&#8243; custom_padding=\u00bb|||\u00bb global_colors_info=\u00bb{}\u00bb custom_padding__hover=\u00bb|||\u00bb][et_pb_text module_class=\u00bbtxtquienes\u00bb _builder_version=\u00bb4.16&#8243; header_text_align=\u00bbjustify\u00bb global_colors_info=\u00bb{}\u00bb]Somos un equipo de trabajo formado por Comput\u00f3logos, Inform\u00e1ticos, Mercad\u00f3logos, Analistas, Publicitas, Asesores de Negocios y Administradores, pero principalmente unidos por una sola causa: la pas\u00ed\u00f3n por la tecnolog\u00eda y la vocaci\u00f3n del servicio hac\u00eda el desarrollo de las empresas y negocios en internet.<br \/>\n[\/et_pb_text][\/et_pb_column][et_pb_column type=\u00bb1_4&#8243; _builder_version=\u00bb4.16&#8243; custom_padding=\u00bb|||\u00bb global_colors_info=\u00bb{}\u00bb custom_padding__hover=\u00bb|||\u00bb][\/et_pb_column][\/et_pb_row][et_pb_row _builder_version=\u00bb4.16&#8243; background_size=\u00bbinitial\u00bb background_position=\u00bbtop_left\u00bb background_repeat=\u00bbrepeat\u00bb global_colors_info=\u00bb{}\u00bb][et_pb_column type=\u00bb4_4&#8243; _builder_version=\u00bb4.16&#8243; custom_padding=\u00bb|||\u00bb global_colors_info=\u00bb{}\u00bb custom_padding__hover=\u00bb|||\u00bb][et_pb_text _builder_version=\u00bb4.16&#8243; global_colors_info=\u00bb{}\u00bb]<\/p>\n<h4 style=\"text-align: center;\">En <strong><span style=\"color: #5cc6d0;\">mi-pagina<\/span><\/strong>: Nuestros clientes son la raz\u00f3n de nuestra existencia<\/h4>\n<p>[\/et_pb_text][\/et_pb_column][\/et_pb_row][et_pb_row _builder_version=\u00bb4.16&#8243; background_size=\u00bbinitial\u00bb background_position=\u00bbtop_left\u00bb background_repeat=\u00bbrepeat\u00bb global_colors_info=\u00bb{}\u00bb][et_pb_column type=\u00bb4_4&#8243; _builder_version=\u00bb4.16&#8243; custom_padding=\u00bb|||\u00bb global_colors_info=\u00bb{}\u00bb custom_padding__hover=\u00bb|||\u00bb][et_pb_divider show_divider=\u00bboff\u00bb disabled_on=\u00bbon|on|off\u00bb _builder_version=\u00bb4.16&#8243; height=\u00bb50px\u00bb global_colors_info=\u00bb{}\u00bb][\/et_pb_divider][\/et_pb_column][\/et_pb_row][\/et_pb_section][et_pb_section fb_built=\u00bb1&#8243; disabled_on=\u00bboff|off|on\u00bb module_class=\u00bbcolumnamarketing2&#8243; _builder_version=\u00bb4.16&#8243; background_image=\u00bbhttps:\/\/mi-pagina.mx\/wp-content\/uploads\/2017\/12\/filtro-responsivo-nosotros.jpg\u00bb background_position=\u00bbcenter_left\u00bb global_colors_info=\u00bb{}\u00bb][et_pb_row _builder_version=\u00bb4.16&#8243; global_colors_info=\u00bb{}\u00bb][et_pb_column type=\u00bb4_4&#8243; _builder_version=\u00bb4.16&#8243; custom_padding=\u00bb|||\u00bb global_colors_info=\u00bb{}\u00bb custom_padding__hover=\u00bb|||\u00bb][et_pb_text _builder_version=\u00bb4.16&#8243; header_font=\u00bb|700|||||||\u00bb header_text_align=\u00bbjustify\u00bb global_colors_info=\u00bb{}\u00bb]<\/p>\n<h1 style=\"text-align: center;\"><span style=\"color: #ffffff;\">Somos tu aliado en<\/span><br \/>\n<strong><span style=\"color: #5cc6d0;\">SERVICIOS DIGITALES<\/span><\/strong><\/h1>\n<p>[\/et_pb_text][et_pb_text module_class=\u00bbtxtquienes\u00bb _builder_version=\u00bb4.16&#8243; header_text_align=\u00bbjustify\u00bb global_colors_info=\u00bb{}\u00bb]<span style=\"color: #ffffff;\"><strong>Estamos conformados por un grupo de expertos en las \u00e1reas de<\/strong>: Tecnolog\u00edas de la Informaci\u00f3n, Ingenier\u00eda en Computaci\u00f3n, Programaci\u00f3n, Bases de datos, Dise\u00f1o Gr\u00e1fico, Marketing y Negocios. Mantenemos una estrecha cercan\u00eda con nuestros clientes, encontrando la soluci\u00f3n adecuada a sus necesidades espec\u00edficas.<\/span><br \/>\n[\/et_pb_text][et_pb_text _builder_version=\u00bb4.16&#8243; global_colors_info=\u00bb{}\u00bb]<\/p>\n<h4 style=\"text-align: center;\"><span style=\"color: #ffffff;\">En<\/span> <strong><span style=\"color: #5cc6d0;\">MI-P\u00c1GINA<\/span><\/strong><span style=\"color: #ffffff;\">: Nuestros clientes son la raz\u00f3n de nuestra existencia<\/span><\/h4>\n<p>[\/et_pb_text][\/et_pb_column][\/et_pb_row][\/et_pb_section][et_pb_section fb_built=\u00bb1&#8243; disabled_on=\u00bbon|on|\u00bb module_class=\u00bbfilaanos\u00bb _builder_version=\u00bb4.16&#8243; background_color=\u00bb#f2f2f2&#8243; global_colors_info=\u00bb{}\u00bb][et_pb_row _builder_version=\u00bb4.16&#8243; background_color=\u00bb#f2f2f2&#8243; global_colors_info=\u00bb{}\u00bb column_structure=\u00bb1_3,2_3&#8243;][et_pb_column type=\u00bb1_3&#8243; _builder_version=\u00bb4.16&#8243; custom_padding=\u00bb|||\u00bb global_colors_info=\u00bb{}\u00bb custom_padding__hover=\u00bb|||\u00bb][et_pb_text module_class=\u00bbtitlequienes\u00bb _builder_version=\u00bb4.16&#8243; global_colors_info=\u00bb{}\u00bb]<\/p>\n<h1 style=\"text-align: right;\">\u00bfQui\u00e9nes<br \/>\n<span style=\"color: #5cc6d0;\"><strong>SOMOS?<\/strong><\/span><\/h1>\n<p>[\/et_pb_text][et_pb_text _builder_version=\u00bb4.16&#8243; global_colors_info=\u00bb{}\u00bb]<\/p>\n<p style=\"text-align: right;\">En los \u00faltimos 15 a\u00f1os en el mercado nos hemos consolidado con pioneros en servicios web, p\u00e1ginas, tiendas virtuales, desarrollos, aplicaciones, posicionamiento, campa\u00f1as en Google, Facebook y Redes Sociales. Cambiamos al mismo ritmo que la tecnolog\u00eda evoluciona, para ofrecerte estrategias con resultados mensurables y de buenos retornos de inversi\u00f3n. Somos una empresa de <strong>Grupo Vleeko.<\/strong><\/p>\n<p>[\/et_pb_text][\/et_pb_column][et_pb_column type=\u00bb2_3&#8243; _builder_version=\u00bb4.16&#8243; custom_padding=\u00bb|||\u00bb global_colors_info=\u00bb{}\u00bb custom_padding__hover=\u00bb|||\u00bb][et_pb_image src=\u00bbhttp:\/\/mi-pagina.mx\/wp-content\/uploads\/2017\/12\/pintura-celular-mi-pagina.mx_.jpg\u00bb align=\u00bbcenter\u00bb align_tablet=\u00bbcenter\u00bb align_last_edited=\u00bbon|desktop\u00bb _builder_version=\u00bb4.16&#8243; custom_margin=\u00bb-60px|||\u00bb always_center_on_mobile=\u00bbon\u00bb global_colors_info=\u00bb{}\u00bb align_phone=\u00bbcenter\u00bb][\/et_pb_image][\/et_pb_column][\/et_pb_row][\/et_pb_section][et_pb_section fb_built=\u00bb1&#8243; disabled_on=\u00bb||on\u00bb module_class=\u00bbfilaanos\u00bb _builder_version=\u00bb4.16&#8243; background_color=\u00bb#f2f2f2&#8243; global_colors_info=\u00bb{}\u00bb][et_pb_row _builder_version=\u00bb4.16&#8243; background_size=\u00bbinitial\u00bb background_position=\u00bbtop_left\u00bb background_repeat=\u00bbrepeat\u00bb global_colors_info=\u00bb{}\u00bb column_structure=\u00bb1_3,2_3&#8243;][et_pb_column type=\u00bb1_3&#8243; _builder_version=\u00bb4.16&#8243; custom_padding=\u00bb|||\u00bb global_colors_info=\u00bb{}\u00bb custom_padding__hover=\u00bb|||\u00bb][et_pb_text module_class=\u00bbtitlequienes\u00bb _builder_version=\u00bb4.16&#8243; global_colors_info=\u00bb{}\u00bb]<\/p>\n<h1 style=\"text-align: right;\">\u00bfQui\u00e9nes<br \/>\n<span style=\"color: #5cc6d0;\"><strong>SOMOS?<\/strong><\/span><\/h1>\n<p>[\/et_pb_text][et_pb_text _builder_version=\u00bb4.16&#8243; global_colors_info=\u00bb{}\u00bb]<\/p>\n<p style=\"text-align: right;\">A trav\u00e9s de 13 a\u00f1os nos hemos consolidado con pioneros en servicios web, ecommerce, CMSs, desarrollos, aplicaciones, posicionamiento en buscadores, campa\u00f1as en Google, Facebook y Redes Sociales. Nos transformamos al mismo ritmo que la tecnolog\u00eda evoluciona, para ofrecerte estrategias de Marketing Digital con resultados mensurables y de buenos retornos de inversi\u00f3n. Somos una empresa de Grupo Vleeko.<\/p>\n<p>[\/et_pb_text][\/et_pb_column][et_pb_column type=\u00bb2_3&#8243; _builder_version=\u00bb4.16&#8243; custom_padding=\u00bb|||\u00bb global_colors_info=\u00bb{}\u00bb custom_padding__hover=\u00bb|||\u00bb][et_pb_image src=\u00bbhttp:\/\/mi-pagina.mx\/wp-content\/uploads\/2017\/12\/pintura-celular-mi-pagina.mx_.jpg\u00bb align=\u00bbcenter\u00bb align_tablet=\u00bbcenter\u00bb align_last_edited=\u00bbon|desktop\u00bb _builder_version=\u00bb4.16&#8243; always_center_on_mobile=\u00bbon\u00bb global_colors_info=\u00bb{}\u00bb align_phone=\u00bbcenter\u00bb][\/et_pb_image][\/et_pb_column][\/et_pb_row][\/et_pb_section]<\/p>\n","protected":false},"excerpt":{"rendered":"<p>Somos tu aliado en el DESARROLLO DE TU EMPRESA Somos un equipo de trabajo formado por Comput\u00f3logos, Inform\u00e1ticos, Mercad\u00f3logos, Analistas, Publicitas, Asesores de Negocios y Administradores, pero principalmente unidos por una sola causa: la pas\u00ed\u00f3n por la tecnolog\u00eda y la vocaci\u00f3n del servicio hac\u00eda el desarrollo de las empresas y negocios en internet. En mi-pagina: [&hellip;]<\/p>\n","protected":false},"author":1,"featured_media":0,"parent":0,"menu_order":0,"comment_status":"closed","ping_status":"closed","template":"","meta":{"_et_pb_use_builder":"on","_et_pb_old_content":"","_et_gb_content_width":"","footnotes":""},"class_list":["post-214","page","type-page","status-publish","hentry"],"yoast_head":"<!-- This site is optimized with the Yoast SEO plugin v23.3 - https:\/\/yoast.com\/wordpress\/plugins\/seo\/ -->\n<title>Qui\u00e9nes somos | Mi P\u00e1gina Guadalajara<\/title>\n<meta name=\"description\" content=\"Somos tu aliado en el desarrollo de tu empresa, con m\u00e1s de 15 a\u00f1os en el mercado sabemos como ayudar a tu empresa a alcanzar sus objetivos \u2705 A tu medida\" \/>\n<meta name=\"robots\" content=\"index, follow, max-snippet:-1, max-image-preview:large, max-video-preview:-1\" \/>\n<link rel=\"canonical\" href=\"https:\/\/mi-pagina.mx\/guadalajara\/quienes-somos\/\" \/>\n<meta property=\"og:locale\" content=\"es_ES\" \/>\n<meta property=\"og:type\" content=\"article\" \/>\n<meta property=\"og:title\" content=\"Qui\u00e9nes somos | Mi Pagina.mx\" \/>\n<meta property=\"og:description\" content=\"Somos tu aliado en el desarrollo de tu empresa, con m\u00e1s de 15 a\u00f1os en el mercado sabemos como ayudar a tu empresa a alcanzar sus objetivos \u2705 A tu medida\" \/>\n<meta property=\"og:url\" content=\"https:\/\/mi-pagina.mx\/guadalajara\/quienes-somos\/\" \/>\n<meta property=\"og:site_name\" content=\"Mi Pagina\" \/>\n<meta property=\"article:modified_time\" content=\"2025-07-07T19:17:08+00:00\" \/>\n<meta property=\"og:image\" content=\"https:\/\/mi-pagina.mx\/guadalajara\/wp-content\/uploads\/2022\/01\/Mi-Pagina-Agencia-de-Marketing-Mexico.png\" \/>\n\t<meta property=\"og:image:width\" content=\"501\" \/>\n\t<meta property=\"og:image:height\" content=\"85\" \/>\n\t<meta property=\"og:image:type\" content=\"image\/png\" \/>\n<meta name=\"twitter:card\" content=\"summary_large_image\" \/>\n<meta name=\"twitter:title\" content=\"Qui\u00e9nes somos | Mi Pagina.mx\" \/>\n<meta name=\"twitter:description\" content=\"Somos tu aliado en el desarrollo de tu empresa, con m\u00e1s de 15 a\u00f1os en el mercado sabemos como ayudar a tu empresa a alcanzar sus objetivos \u2705 A tu medida\" \/>\n<meta name=\"twitter:image\" content=\"https:\/\/mi-pagina.mx\/guadalajara\/wp-content\/uploads\/2022\/01\/Mi-Pagina-Agencia-de-Marketing-Mexico.png\" \/>\n<meta name=\"twitter:label1\" content=\"Tiempo de lectura\" \/>\n\t<meta name=\"twitter:data1\" content=\"2 minutos\" \/>\n<script type=\"application\/ld+json\" class=\"yoast-schema-graph\">{\"@context\":\"https:\/\/schema.org\",\"@graph\":[{\"@type\":\"WebPage\",\"@id\":\"https:\/\/mi-pagina.mx\/guadalajara\/quienes-somos\/\",\"url\":\"https:\/\/mi-pagina.mx\/guadalajara\/quienes-somos\/\",\"name\":\"Qui\u00e9nes somos | Mi P\u00e1gina Guadalajara\",\"isPartOf\":{\"@id\":\"https:\/\/mi-pagina.mx\/guadalajara\/#website\"},\"datePublished\":\"2017-12-07T00:01:33+00:00\",\"dateModified\":\"2025-07-07T19:17:08+00:00\",\"description\":\"Somos tu aliado en el desarrollo de tu empresa, con m\u00e1s de 15 a\u00f1os en el mercado sabemos como ayudar a tu empresa a alcanzar sus objetivos \u2705 A tu medida\",\"breadcrumb\":{\"@id\":\"https:\/\/mi-pagina.mx\/guadalajara\/quienes-somos\/#breadcrumb\"},\"inLanguage\":\"es\",\"potentialAction\":[{\"@type\":\"ReadAction\",\"target\":[\"https:\/\/mi-pagina.mx\/guadalajara\/quienes-somos\/\"]}]},{\"@type\":\"BreadcrumbList\",\"@id\":\"https:\/\/mi-pagina.mx\/guadalajara\/quienes-somos\/#breadcrumb\",\"itemListElement\":[{\"@type\":\"ListItem\",\"position\":1,\"name\":\"Portada\",\"item\":\"https:\/\/mi-pagina.mx\/guadalajara\/\"},{\"@type\":\"ListItem\",\"position\":2,\"name\":\"Qui\u00e9nes somos\"}]},{\"@type\":\"WebSite\",\"@id\":\"https:\/\/mi-pagina.mx\/guadalajara\/#website\",\"url\":\"https:\/\/mi-pagina.mx\/guadalajara\/\",\"name\":\"Mi Pagina\",\"description\":\"Dise\u00f1o de Paginas Web en Puebla\",\"publisher\":{\"@id\":\"https:\/\/mi-pagina.mx\/guadalajara\/#organization\"},\"potentialAction\":[{\"@type\":\"SearchAction\",\"target\":{\"@type\":\"EntryPoint\",\"urlTemplate\":\"https:\/\/mi-pagina.mx\/guadalajara\/?s={search_term_string}\"},\"query-input\":\"required name=search_term_string\"}],\"inLanguage\":\"es\"},{\"@type\":\"Organization\",\"@id\":\"https:\/\/mi-pagina.mx\/guadalajara\/#organization\",\"name\":\"Mi P\u00e1gina.mx\",\"url\":\"https:\/\/mi-pagina.mx\/guadalajara\/\",\"logo\":{\"@type\":\"ImageObject\",\"inLanguage\":\"es\",\"@id\":\"https:\/\/mi-pagina.mx\/guadalajara\/#\/schema\/logo\/image\/\",\"url\":\"https:\/\/mi-pagina.mx\/wp-content\/uploads\/2022\/01\/Mi-Pagina-Agencia-de-Marketing-Mexico.png\",\"contentUrl\":\"https:\/\/mi-pagina.mx\/wp-content\/uploads\/2022\/01\/Mi-Pagina-Agencia-de-Marketing-Mexico.png\",\"width\":501,\"height\":85,\"caption\":\"Mi P\u00e1gina.mx\"},\"image\":{\"@id\":\"https:\/\/mi-pagina.mx\/guadalajara\/#\/schema\/logo\/image\/\"}}]}<\/script>\n<!-- \/ Yoast SEO plugin. -->","yoast_head_json":{"title":"Qui\u00e9nes somos | Mi P\u00e1gina Guadalajara","description":"Somos tu aliado en el desarrollo de tu empresa, con m\u00e1s de 15 a\u00f1os en el mercado sabemos como ayudar a tu empresa a alcanzar sus objetivos \u2705 A tu medida","robots":{"index":"index","follow":"follow","max-snippet":"max-snippet:-1","max-image-preview":"max-image-preview:large","max-video-preview":"max-video-preview:-1"},"canonical":"https:\/\/mi-pagina.mx\/guadalajara\/quienes-somos\/","og_locale":"es_ES","og_type":"article","og_title":"Qui\u00e9nes somos | Mi Pagina.mx","og_description":"Somos tu aliado en el desarrollo de tu empresa, con m\u00e1s de 15 a\u00f1os en el mercado sabemos como ayudar a tu empresa a alcanzar sus objetivos \u2705 A tu medida","og_url":"https:\/\/mi-pagina.mx\/guadalajara\/quienes-somos\/","og_site_name":"Mi Pagina","article_modified_time":"2025-07-07T19:17:08+00:00","og_image":[{"width":501,"height":85,"url":"https:\/\/mi-pagina.mx\/guadalajara\/wp-content\/uploads\/2022\/01\/Mi-Pagina-Agencia-de-Marketing-Mexico.png","type":"image\/png"}],"twitter_card":"summary_large_image","twitter_title":"Qui\u00e9nes somos | Mi Pagina.mx","twitter_description":"Somos tu aliado en el desarrollo de tu empresa, con m\u00e1s de 15 a\u00f1os en el mercado sabemos como ayudar a tu empresa a alcanzar sus objetivos \u2705 A tu medida","twitter_image":"https:\/\/mi-pagina.mx\/guadalajara\/wp-content\/uploads\/2022\/01\/Mi-Pagina-Agencia-de-Marketing-Mexico.png","twitter_misc":{"Tiempo de lectura":"2 minutos"},"schema":{"@context":"https:\/\/schema.org","@graph":[{"@type":"WebPage","@id":"https:\/\/mi-pagina.mx\/guadalajara\/quienes-somos\/","url":"https:\/\/mi-pagina.mx\/guadalajara\/quienes-somos\/","name":"Qui\u00e9nes somos | Mi P\u00e1gina Guadalajara","isPartOf":{"@id":"https:\/\/mi-pagina.mx\/guadalajara\/#website"},"datePublished":"2017-12-07T00:01:33+00:00","dateModified":"2025-07-07T19:17:08+00:00","description":"Somos tu aliado en el desarrollo de tu empresa, con m\u00e1s de 15 a\u00f1os en el mercado sabemos como ayudar a tu empresa a alcanzar sus objetivos \u2705 A tu medida","breadcrumb":{"@id":"https:\/\/mi-pagina.mx\/guadalajara\/quienes-somos\/#breadcrumb"},"inLanguage":"es","potentialAction":[{"@type":"ReadAction","target":["https:\/\/mi-pagina.mx\/guadalajara\/quienes-somos\/"]}]},{"@type":"BreadcrumbList","@id":"https:\/\/mi-pagina.mx\/guadalajara\/quienes-somos\/#breadcrumb","itemListElement":[{"@type":"ListItem","position":1,"name":"Portada","item":"https:\/\/mi-pagina.mx\/guadalajara\/"},{"@type":"ListItem","position":2,"name":"Qui\u00e9nes somos"}]},{"@type":"WebSite","@id":"https:\/\/mi-pagina.mx\/guadalajara\/#website","url":"https:\/\/mi-pagina.mx\/guadalajara\/","name":"Mi Pagina","description":"Dise\u00f1o de Paginas Web en Puebla","publisher":{"@id":"https:\/\/mi-pagina.mx\/guadalajara\/#organization"},"potentialAction":[{"@type":"SearchAction","target":{"@type":"EntryPoint","urlTemplate":"https:\/\/mi-pagina.mx\/guadalajara\/?s={search_term_string}"},"query-input":"required name=search_term_string"}],"inLanguage":"es"},{"@type":"Organization","@id":"https:\/\/mi-pagina.mx\/guadalajara\/#organization","name":"Mi P\u00e1gina.mx","url":"https:\/\/mi-pagina.mx\/guadalajara\/","logo":{"@type":"ImageObject","inLanguage":"es","@id":"https:\/\/mi-pagina.mx\/guadalajara\/#\/schema\/logo\/image\/","url":"https:\/\/mi-pagina.mx\/wp-content\/uploads\/2022\/01\/Mi-Pagina-Agencia-de-Marketing-Mexico.png","contentUrl":"https:\/\/mi-pagina.mx\/wp-content\/uploads\/2022\/01\/Mi-Pagina-Agencia-de-Marketing-Mexico.png","width":501,"height":85,"caption":"Mi P\u00e1gina.mx"},"image":{"@id":"https:\/\/mi-pagina.mx\/guadalajara\/#\/schema\/logo\/image\/"}}]}},"_links":{"self":[{"href":"https:\/\/mi-pagina.mx\/guadalajara\/wp-json\/wp\/v2\/pages\/214","targetHints":{"allow":["GET"]}}],"collection":[{"href":"https:\/\/mi-pagina.mx\/guadalajara\/wp-json\/wp\/v2\/pages"}],"about":[{"href":"https:\/\/mi-pagina.mx\/guadalajara\/wp-json\/wp\/v2\/types\/page"}],"author":[{"embeddable":true,"href":"https:\/\/mi-pagina.mx\/guadalajara\/wp-json\/wp\/v2\/users\/1"}],"replies":[{"embeddable":true,"href":"https:\/\/mi-pagina.mx\/guadalajara\/wp-json\/wp\/v2\/comments?post=214"}],"version-history":[{"count":2,"href":"https:\/\/mi-pagina.mx\/guadalajara\/wp-json\/wp\/v2\/pages\/214\/revisions"}],"predecessor-version":[{"id":1032,"href":"https:\/\/mi-pagina.mx\/guadalajara\/wp-json\/wp\/v2\/pages\/214\/revisions\/1032"}],"wp:attachment":[{"href":"https:\/\/mi-pagina.mx\/guadalajara\/wp-json\/wp\/v2\/media?parent=214"}],"curies":[{"name":"wp","href":"https:\/\/api.w.org\/{rel}","templated":true}]}}